0628 - 75099 = 4*l. What is the units digit of l?
1
What is the hundreds digit of (14/(-105) - 8049/45)*-9?
6
Suppose 13*s - 4 = 35. Let b be (4 - (2 + 0)) + -4. What is the units digit of ((-15)/b)/s*(-988)/(-65)?
8
Let g(u) = -1983*u - 341. What is the thousands digit of g(-7)?
3
Let u = 769 - 517. Suppose -2124 = -27*b + u. What is the tens digit of b?
8
Let u be (20/(-75))/(6/15)*3. Let z(b) = 82*b**2 + 5*b + 4. What is the units digit of z(u)?
2
Suppose 15 = 7*w - 4*w. Suppose w = -3*q - 4*f - 7, -q - 3*f - 9 = 0. Suppose 11*p - 13*p + 118 = q. What is the units digit of p?
9
Let d = -214 + 219. Suppose -w + d*i = -3*w + 1300, -2*i + 648 = w. What is the hundreds digit of w?
6
Let l(t) be the second derivative of -79*t**3/3 + 23*t**2/2 + 31*t. Let m be l(-6). Suppose -107 + m = 8*h. What is the units digit of h?
8
Let c(i) = 95*i + 5599. What is the units digit of c(-10)?
9
Let l be 10/15 + 1822/3. Let y = l + -422. What is the tens digit of y?
8
Suppose -7*c + 0 + 7 = 0. Let a(z) = 127*z**2 + z + 1. Let k be a(c). Suppose 2*f - 62 = r, 0 = -0*f - 5*f - 4*r + k. What is the units digit of f?
9
Let b = 275 - 273. Suppose b*x - 542 = 294. What is the hundreds digit of x?
4
Let m(w) = -9*w**2 + 12*w + 65. Let d(a) = -5*a**2 + 6*a + 33. Let l(r) = 11*d(r) - 6*m(r). Let i be l(-8). Let s = i - -75. What is the tens digit of s?
3
Suppose -14*m - 20 = 36. What is the hundreds digit of m/40*134*-5*2?
1
Let b(u) = 4*u + 6 + 3*u**2 + 28*u**2 + 7*u**2. What is the tens digit of b(-2)?
5
Let x(p) = p**2 + 6*p - 6. Let t(v) = -4*v**3 + 6*v**2 - 9*v - 2. Let r be t(2). What is the tens digit of x(r)?
1
Let k(o) = o**2 - 2*o + 4. Let i be k(0). Suppose -i = -f - 1. Suppose -l - 3*l = -y - 13, f*y = -l. What is the units digit of l?
3
Suppose -48 = -19*z + 16*z. Let m(d) = -d**2 + 82*d - 14. What is the hundreds digit of m(z)?
0
Let d(l) = 23992*l**2 - 123*l + 124. What is the ten thousands digit of d(1)?
2
Suppose -2*s + 116994 = 5*h, -9*s = 5*h - 5*s - 116978. What is the thousands digit of h?
3
What is the tens digit of -70 + 74 + (22610 - 2)?
1
Suppose -5*p + 810 = 4*z, -2*p + 324 = -z - 3*z. Let w = 86 + p. What is the units digit of w?
8
Let o = 84878 + -53782. What is the ten thousands digit of o?
3
Let z(a) = a**2 - 62*a + 1398. What is the tens digit of z(27)?
5
Let z(l) = 106*l + 4. Let b be z(1). Suppose -4*j + 118 + b = 0. Suppose 213 = 6*i + j. What is the tens digit of i?
2
Let q = 17290 + -12220. What is the hundreds digit of q?
0
Let f = 23125 - 13745. What is the hundreds digit of f?
3
Suppose 69*f = 12303 + 55524. What is the hundreds digit of f?
9
Suppose -745 = 3*b - 5*z, -2*b - 3*b = 4*z + 1291. Let v = -142 - b. What is the units digit of v?
3
Let g(z) = 59*z**2 + z - 1. Let d be g(1). Suppose -d + 455 = 4*j. What is the units digit of j?
9
Let w(n) = -n**3 + 10*n**2 - 7*n - 22. Let m be w(9). Let k be (0 - 0)/m*3/(-3). Suppose 248 = 4*f - 4*z, 120 = 2*f - k*z - z. What is the tens digit of f?
5
Let k = 69482 - 3254. What is the units digit of k?
8
Let v = -275 - -152. Suppose 5*p + 103 = 3*r, 5*p - 4*r + 46 = -53. Let j = p - v. What is the hundreds digit of j?
1
Suppose 2*q = 2, 5*s = -2*q + 2126 + 766. Suppose -4*k = c - s, -3*k - 7*c = -10*c - 426. What is the units digit of k?
4
Suppose 2*m + 6094 + 25 = w - 6683, -3*m = 0. What is the units digit of w?
2
Suppose 11*o - 16*o = -25. What is the units digit of o + -6 - (1 + -298)?
6
Let v = 75 - -11. Suppose -10*h = -5*h + 2*w - 105, 2*w = -4*h + v. Let t = h + 6. What is the units digit of t?
5
Suppose -2*d - 2*d + 388 = 0. Let n(g) = -52*g - 798. Let f be n(-17). Let a = d - f. What is the tens digit of a?
1
Suppose 0*d = 3*d + 9. What is the tens digit of (-6 - d)/1 - -119?
1
Let t be (216/(-27))/(1/2). Let f(p) = 2*p**3 + 31*p**2 - 25*p - 2. What is the tens digit of f(t)?
4
Suppose 100*n - 3 = 99*n. What is the tens digit of (n - -2)*(-696)/(-20)?
7
Let w(q) = -34*q**3 - q**2 - 2*q + 2. Let f be w(2). Let y be 6/4*-1 - 175/210*-567. Let x = y + f. What is the hundreds digit of x?
1
Let r = -51 + 54. Let q(k) = -66*k**2 + 4*k - 6. Let u be q(r). What is the units digit of (-2 + u/15)/((-11)/55)?
6
Suppose -5*y + 556 + 2655 = 3*g, -4*y + 5369 = 5*g. Let o = 1576 - g. Suppose 4*l - 137 = o. What is the tens digit of l?
5
Suppose -3*w - w = 2*w. Suppose 4*r + 163 - 51 = w. What is the hundreds digit of 238/r*-7*2?
1
Suppose 0 = -0*q + 2*q + 2*u - 1682, 0 = -3*q + 4*u + 2516. Suppose 0 = 14*d - 4*d - q. What is the tens digit of d?
8
Let s = -7 + 26. Suppose -s*y - 199 = -18*y. Let a = y + 375. What is the hundreds digit of a?
1
Let q be 0/2 - (-1 + 12 + -15). Suppose c = -3, -2*x = -q*x - 3*c + 1683. What is the tens digit of x?
4
Let a be -2*4/8 + 91. Let u = a - -76. Suppose -15*w = -13*w - u. What is the tens digit of w?
8
Suppose w = 6*w + j - 1642, 3*w = -2*j + 981. Suppose 0 = -a - 7*o + 3*o, 4*a - 17 = o. Suppose w - 5 = a*l. What is the tens digit of l?
8
Suppose -5*s = -2*n - 16, -3*s + n - 2 = -11. Let t be ((-25)/(-10))/(1 - 3/s). What is the hundreds digit of -1*1*t/((-15)/(-387))?
1
Suppose 4*p + 7 = -s, 4*s + 4*p - 1510 = -1466. What is the units digit of s?
7
Let t(y) = -2*y**3 - 22*y**2 + 4. Suppose 2*d = -c + 6*c + 63, 2*c + 26 = d. What is the units digit of t(c)?
4
Let u(s) = 28*s**2 - 28*s - 41. Let k(v) = 9*v**2 - 9*v - 14. Let x(j) = 14*k(j) - 4*u(j). What is the tens digit of x(-8)?
7
Suppose 1117438 + 1296842 = 31*g. What is the units digit of g?
0
Let b = 203167 - 135868. What is the ten thousands digit of b?
6
Suppose 25*s = 23*s - 4*l - 1470, 0 = s + 3*l + 737. Let i = -472 - s. What is the hundreds digit of i?
2
Let b(i) = i**2 + 3*i + 2. Let w be (-4)/(-8)*(-7 - -1). Let p be b(w). Suppose -81 = -p*h - 3. What is the units digit of h?
9
Let v(r) = 246*r**2 - 3*r - 52. What is the thousands digit of v(-5)?
6
What is the thousands digit of (-193 + -5942)/(1/(-6))?
6
Let x(h) = 33*h + 117. Let g(c) = -33*c - 118. Let l(n) = 4*g(n) + 5*x(n). What is the hundreds digit of l(20)?
7
What is the units digit of (-843168)/(-45) + (-6)/15 + (-6)/(-18)?
7
Let z = 25642 - 12690. What is the ten thousands digit of z?
1
Suppose v + v - 19249 = 21321. What is the tens digit of v?
8
Let y(c) = -3*c**2 - 33*c + 4. Let w be y(-11). Suppose -3*r = 5*x - 1353, -w*r - 1335 = -7*r + x. What is the hundreds digit of r?
4
Let k = 13 - 20. Let n be (127/(-4))/(k/(-4) - 2). What is the units digit of n/2 + 4/(-8)?
3
What is the tens digit of 31*(77 - 11 - -11)?
8
Let o = -58 + 60. Suppose o*g + 8*g - 260 = 0. Suppose -21*h = -g*h + 235. What is the tens digit of h?
4
Let u(t) = 762*t + 61. What is the units digit of u(8)?
7
Suppose 0 = 6*j + 24*j. What is the hundreds digit of j + 764 - (5 + -5)?
7
What is the thousands digit of (46/92)/((-10)/8) - (-103134)/10?
0
Let h(u) = -u**3 + 8*u**2 - 4*u + 13. Let i be h(7). Let v(m) = 22 + 2*m**3 + 14*m**2 - i*m + 3*m - m**3. What is the units digit of v(-16)?
6
Suppose 17867 = 112*l - 41610 - 35163. What is the hundreds digit of l?
8
Suppose -5*z - 188 - 757 = 0. Let v be (108/z)/(4/(-14)). Suppose v*s - 231 + 67 = 0. What is the tens digit of s?
8
Suppose -525 = w - 2*o - 28211, -w + 27661 = 3*o. What is the tens digit of w?
7
Suppose -6*b = -2*b + 8. Suppose -121*k + 409500 = -21*k. What is the tens digit of k/75 - b/5?
5
Let d(k) = 1286*k**3 + 2*k**2 + 6*k + 3. Let i be d(-1). Let t = i - -2106. What is the tens digit of t?
1
Let k = -226 - -206. Let v = 642 + k. What is the tens digit of v?
2
Suppose 1660735 + 1193863 - 436665 = 203*x. What is the hundreds digit of x?
9
Suppose 3*c + 54 = 72. What is the tens digit of (2 + -2 + 6)/(c/417)?
1
Let w = -408 - -422. Suppose 10*f - w*f = 2*c - 398, f = 0. What is the tens digit of c?
9
Let w = -9427 - -15993. What is the tens digit of w?
6
Suppose 0 = -227*v + 1065476 + 3242303. What is the hundreds digit of v?
9
Let t be (-1 - -2)*1 + 6 + -44. What is the hundreds digit of -3 + 0 - (t + -338)?
3
Suppose 14*q = 31 + 53. What is the units digit of (-1 - (-11)/q) + 1748124/1512?
7
Let p = 177 + -23. Let t = p + 44. What is the tens digit of t?
9
Let d = -295 + 298. Suppose -5*q - 697 = -4*h, 0*q + d*q = 4*h - 703. What is the tens digit of h?
7
Let i(x) = -3*x + 2. Let b be i(-1). 